 + 352. Is c composite?
True
Suppose 0 = 3*l - 71 - 94. Suppose -l*u = -57*u + 410. Is u prime?
False
Suppose 4*g + 2 = -6, -2*t = 4*g. Suppose -x - t = -2*x. Suppose -5*h + x*h + 191 = 0. Is h a composite number?
False
Suppose -5*f = 4*o, 4*f - o = 2*f + 13. Let l be (-3)/15 - f/(-20). Suppose 4*p - 3*p - 26 = l. Is p composite?
True
Suppose -5*o + 41 = 11. Is (-2)/(6/(-103))*o/2 prime?
True
Suppose 2*n - 58 = -3*h, -100 = -5*h - 0*h - 5*n. Suppose p + p = h. Suppose p*w = 5*w + 1524. Is w a prime number?
False
Let q(v) be the second derivative of 23*v**3/2 + 2*v**2 + 2*v. Let d be q(3). Suppose -213 = -l - o - o, -l - 4*o = -d. Is l prime?
False
Suppose 30 = -5*a + 305. Let t be (a/2)/(2/(-4)). Is t/(-3)*(3 + 0) a prime number?
False
Let a(g) = 5146*g**3 + g. Let o(d) = -d**3 - 3*d**2 + 5. Let b be o(-2). Is a(b) prime?
True
Is 8 + 7 + (6 - -9392) a prime number?
True
Suppose 0 = -2*a - 10, 0*b + 20 = 4*b - 4*a. Suppose b = n + 4*n - 1695. Suppose 7*d = 4*d + n. Is d a composite number?
False
Suppose -4*f + 1403 = 3*o, -4*o - 650 = 5*f - 2405. Suppose 2*h + f = 3*m, h = 2*m - 3*h - 218. Suppose 0 = -3*g + b + 503, 67 = g - 4*b - m. Is g composite?
True
Let b = -23 - -35. Suppose 14*w - b*w - 682 = 0. Is w composite?
True
Let z(n) = 30*n - 122*n - 62*n - 1. Suppose -5*i + 7 = 2*t - 3*t, 4*t = 5*i - 13. Is z(t) a composite number?
False
Suppose 4*j + 5*x + 359 = 2*j, 5 = x. Let f = -634 + 1235. Let q = j + f. Is q a prime number?
True
Let l = -344 - -559. Let g = -57 + l. Is g a composite number?
True
Suppose 35*m = -3*m + 155154. Is m a composite number?
True
Suppose -13*u + 9*u = -40. Is 6288/u - (-8)/120*3 a composite number?
True
Suppose -5*t = -25, -s - 79 = 3*s + t. Let a = s + 31. Is a composite?
True
Suppose -22*j = 60386 - 179252. Is j a composite number?
True
Suppose 2*d = 3*f - 3367, f + 8*d - 1114 = 7*d. Is f a prime number?
False
Let x be 6*((-40)/(-12) - 2). Let v(d) = -d + 6. Let o be v(x). Is 12/18*(-3453)/o composite?
False
Suppose -3*l = -5*l + 8. Suppose 0 = l*d + o - 333, 154 = 2*d - o - o. Let a = 139 - d. Is a a prime number?
False
Let a = 123 + -201. Let i = a - -38. Let u = 47 - i. Is u prime?
False
Let o be (16/(-6))/(5/(-270)). Suppose -5*q - 312 = -4*d - q, 0 = d + 4*q - 83. Let x = o - d. Is x a prime number?
False
Suppose -32433 = n - 20*n. Is n composite?
True
Is (-2)/(10/(-22859)) - 2072/2590 a composite number?
True
Let d(o) = -4*o**3 - 2*o**2 + 5*o + 2. Let b be (-25)/(-10)*24/10. Suppose -s = -b*s - 15. Is d(s) a composite number?
True
Suppose 5*i - 1149 = 151. Suppose -74 = 2*q + i. Let m = q - -256. Is m a prime number?
True
Suppose 7*g - 4*l = 11*g - 114592, -57311 = -2*g - 5*l. Is g a prime number?
True
Is (-5 - -10 - 3) + 6593 a prime number?
False
Suppose -12*q + 1049939 + 871585 = 0. Is q a composite number?
True
Let p = 8658 - 5255. Is p a prime number?
False
Let f(t) = 16*t**2 - t - 31. Is f(4) prime?
False
Is ((-4)/5)/(22/(-55)) - -11355 a composite number?
True
Suppose 0 = -3*v - 6, 7*c = 6*c - 4*v - 7. Is 85/17*(c - 2988/(-10)) a prime number?
True
Let j = -3049 + 6408. Is j composite?
False
Suppose -4*g = -3*d + 15, -3*d = 4*g - 7 - 8. Let b = g - 1. Is b/7 - 3560/(-28) a composite number?
False
Let b be (-17 + 19)*3/2. Suppose -b*u + 34 = -0*d - 2*d, 62 = 3*u + 5*d. Is u prime?
False
Suppose -17274 = b - 7*b. Is b composite?
False
Suppose -2*t = -3*t - 2. Is ((-1257)/(-12))/(t/(-8)) prime?
True
Let c be 33/6 - (-5)/10. Let v(b) = 530*b - 15. Let j be v(c). Is (2/(-6))/((-1)/j) a composite number?
True
Let u = 36753 - 24332. Is u composite?
False
Suppose 2798 + 11489 = 7*a. Is a a prime number?
False
Let m = 1853 - 736. Is m a composite number?
False
Let l = 15096 + -7195. Is l prime?
True
Suppose 0 = 4*a - 8, 39 = -s - 3*a + 8*a. Let b = 17 + s. Let q = 18 + b. Is q prime?
False
Is 1 + (-19)/(133/(-69888)) a prime number?
False
Suppose 5 = -d, -d - 25 = -4*u - u. Suppose 3*h = u*n - 7914, -5*n + 3*h + 3786 + 6105 = 0. Is n composite?
True
Let w be (0/(-6 - 2))/(-3 - -1). Suppose -3*v + 274 + 3035 = w. Is v composite?
False
Let d = 183329 + -101410. Is d a composite number?
False
Let v = -25704 + 60457. Is v prime?
False
Suppose -34 - 20 = -v. Let x = v + -17. Is x prime?
True
Suppose 0*q = 2*q - 6. Suppose -54 = -q*o + 51. Is o composite?
True
Suppose 3*t + 30 = -2*t. Let y(w) = w**2 + 0*w**2 + 31782*w - 31781*w + 1. Is y(t) a prime number?
True
Is (-30052)/(-12) + -1 + (-10)/30 a composite number?
False
Is ((-1146)/(-9))/(-1 + 17/15) composite?
True
Let z(b) = -b + 10. Let q be 90/12*(-4)/(-5). Let y be z(q). Is 922/18 + y/(-18) a prime number?
False
Suppose 4*m - 13191 = a + 19402, 0 = 5*m + a - 40730. Is m composite?
False
Suppose 15 = 3*i, i = 5*l - 3*i - 1055. Let t = 310 - l. Is t a composite number?
True
Let x(f) = f - 1. Let z(g) = -317*g**2 + 10*g - 4. Let o(l) = 6*x(l) - z(l). Is o(-1) a prime number?
False
Suppose 5*z = 3*f + 13, -z - 4*f - 7 = -5. Suppose 3*i = -i - 60. Is (z/4)/(i/(-12930)) a prime number?
True
Let k(d) = 182*d**2 + 7*d - 2. Let f = 75 - 72. Is k(f) prime?
True
Let i(m) = m**2 + 14 - 1 - 14*m + 6. Let r be i(13). Suppose 3*g + 282 = r*g. Is g prime?
False
Let u = 625 + -405. Let n(j) = 2*j**3 - 4*j**2 - 7*j - 9. Let i be n(6). Let r = u + i. Is r composite?
False
Let v = 8 - 6. Let u = 12 - v. Is (-6336)/(-20) - (-2)/u prime?
True
Let n(l) = -3*l - 26. Let r be n(-9). Is (r/3)/(8/23568) prime?
False
Suppose u - 365 = -134. Suppose -235*o = -u*o - 476. Is o prime?
False
Let h(s) = 9*s + 1. Let z(d) = 4*d. Let r(w) = -3*h(w) + 7*z(w). Let a be r(7). Suppose v - 3*i = -0*v + 197, -4*i - 780 = -a*v. Is v composite?
True
Suppose 15828 = -3*v + 6*v. Suppose 10*j - v = 6*j. Is j prime?
True
Let c = 550 - -628. Suppose -4*l + 5359 - 567 = 4*y, -l = -3*y - c. Is l a prime number?
True
Let v(a) = -a**2 - 3*a + 3. Let d be v(-3). Let l(p) = 19*p + 10. Let w(c) = 9*c + 5. Let r(i) = d*l(i) - 5*w(i). Is r(7) a composite number?
False
Let o = -5 + 5. Is 10/(-5) + 162 - (o + 3) a composite number?
False
Let k = 11445 + -5654. Is k a composite number?
False
Suppose 3*q - 29170 = 20837. Is q composite?
True
Let y = 6606 - 3894. Suppose 4*p + d + 3*d - y = 0, -5*d + 25 = 0. Is p a composite number?
False
Let i(t) = -52*t**3 + 5*t**2 - 25*t - 99. Is i(-10) prime?
False
Suppose 0 = 28*k - 11652 - 58432. Is k a prime number?
True
Let c(q) = -13 + 7*q**2 - q + 31 - 7. Is c(-4) a prime number?
True
Let m be (-50)/4*(-4)/(-5). Let r be (-3 + 238/m)*-5. Suppose r = -0*k + 2*k. Is k a prime number?
True
Let q = -365 + 4324. Is q a composite number?
True
Suppose 0 = -2*k + q + 17702, 4*q = -k + 2*k - 8865. Is k prime?
True
Let y(u) = -127*u + 105. Is y(-16) a composite number?
False
Suppose 0 = 3*i + 83 - 347. Let g = i + 499. Is g prime?
True
Suppose 0 = 21*d - 31*d + 47110. Is d prime?
False
Is 6/(-21) - -10*50265/126 a composite number?
False
Suppose a + 2 = 3*a. Let m(j) be the second derivative of 47*j**5/2 - j**4/6 + j**2/2 - 6*j + 1. Is m(a) composite?
True
Suppose 48 + 30 = 2*k. Suppose -k + 18 = 3*m. Is 3/(-4)*(m + -13) a prime number?
False
Let r(l) = l**2 - 12*l - 10. Let s be r(13). Suppose 896 = s*z - 331. Is z prime?
True
Let p(d) = 30*d + 8566. Is p(0) composite?
True
Let z be (174/116)/(2*(-3)/8). Suppose -2*n + 5*o = 625, 2*n + 794 = -4*o + 160. Is z + (-1)/(3/n) composite?
False
Suppose r = -4*s + 1959 + 1266, 0 = 5*r + 4*s - 16141. Is r prime?
True
Suppose 0*p = -5*p - 3*b + 5384, -5*b = -15. Suppose 3094 - p = 3*q. Is q prime?
True
Let n(f) = f**3 + 10*f**2 - 24*f + 2. Let a be n(-12). Suppose a*h - 26 = 48. Is h prime?
True
Let q = -351 - -805. Let x(p) = -189*p - 325. Let g be x(-6). Let b = g - q. Is b composite?
True
Suppose -13439 + 3940 = -7*y. Is y a composite number?
True
Let y = 2440 - 1293. Is y prime?
False
Let u = 31 + -26. Suppose 4*i = 4*p - 1480, -u*p + 2045 = -i + 191. Is p a prime number?
False
Suppose 19*p + 31681 = 364808. Is p a composite number?
True
Let s(x) = 45422*x - 33. Is s(1) a composite number?
False
Let f(o) = 3*o**2 + 61*o - 81. Is f(-30) a prime number?
False
Let j be (-35 - -12)/(2/26). Let y = 792 + j. Is y a prime number?
False
Suppose -2061 = -3*x + 2901. Is x composite?
True
Let v(l) = -16*l + 27. Let s(c) = -33*c + 55. Let u(k) = 6